{"version":"1.0","provider_name":"EUROPEAN INSTITUTE","provider_url":"https:\/\/www.european-institute.cz\/en","title":"168. v\u00fdro\u010d\u00ed narozen\u00ed Tom\u00e1\u0161e Garrigua Masaryka - EUROPEAN INSTITUTE","type":"rich","width":600,"height":338,"html":"<blockquote class=\"wp-embedded-content\" data-secret=\"PpvGIDGxhv\"><a href=\"https:\/\/www.european-institute.cz\/en\/168-vyroci-narozeni-tomase-garrigua-masaryka\/\">168. v\u00fdro\u010d\u00ed narozen\u00ed Tom\u00e1\u0161e Garrigua Masaryka<\/a><\/blockquote><iframe sandbox=\"allow-scripts\" security=\"restricted\" src=\"https:\/\/www.european-institute.cz\/en\/168-vyroci-narozeni-tomase-garrigua-masaryka\/embed\/#?secret=PpvGIDGxhv\" width=\"600\" height=\"338\" title=\"&#8220;168. v\u00fdro\u010d\u00ed narozen\u00ed Tom\u00e1\u0161e Garrigua Masaryka&#8221; &#8212; EUROPEAN INSTITUTE\" data-secret=\"PpvGIDGxhv\" frameborder=\"0\" marginwidth=\"0\" marginheight=\"0\" scrolling=\"no\" class=\"wp-embedded-content\"><\/iframe><script type=\"text\/javascript\">\n\/* <![CDATA[ *\/\n\/*! This file is auto-generated *\/\n!function(d,l){\"use strict\";l.querySelector&&d.addEventListener&&\"undefined\"!=typeof URL&&(d.wp=d.wp||{},d.wp.receiveEmbedMessage||(d.wp.receiveEmbedMessage=function(e){var t=e.data;if((t||t.secret||t.message||t.value)&&!\/[^a-zA-Z0-9]\/.test(t.secret)){for(var s,r,n,a=l.querySelectorAll('iframe[data-secret=\"'+t.secret+'\"]'),o=l.querySelectorAll('blockquote[data-secret=\"'+t.secret+'\"]'),c=new RegExp(\"^https?:$\",\"i\"),i=0;i<o.length;i++)o[i].style.display=\"none\";for(i=0;i<a.length;i++)s=a[i],e.source===s.contentWindow&&(s.removeAttribute(\"style\"),\"height\"===t.message?(1e3<(r=parseInt(t.value,10))?r=1e3:~~r<200&&(r=200),s.height=r):\"link\"===t.message&&(r=new URL(s.getAttribute(\"src\")),n=new URL(t.value),c.test(n.protocol))&&n.host===r.host&&l.activeElement===s&&(d.top.location.href=t.value))}},d.addEventListener(\"message\",d.wp.receiveEmbedMessage,!1),l.addEventListener(\"DOMContentLoaded\",function(){for(var e,t,s=l.querySelectorAll(\"iframe.wp-embedded-content\"),r=0;r<s.length;r++)(t=(e=s[r]).getAttribute(\"data-secret\"))||(t=Math.random().toString(36).substring(2,12),e.src+=\"#?secret=\"+t,e.setAttribute(\"data-secret\",t)),e.contentWindow.postMessage({message:\"ready\",secret:t},\"*\")},!1)))}(window,document);\n\/* ]]> *\/\n<\/script>","thumbnail_url":"https:\/\/www.european-institute.cz\/wp-content\/uploads\/2018\/03\/4.jpg","thumbnail_width":1920,"thumbnail_height":1080,"description":"Jednatel EUROPEAN INSTITUTE Ing. Vladislav Stanko, MBA spole\u010dn\u011b s premi\u00e9rem \u010cR p. Andrejem Babi\u0161em, p\u0159edsedou Sen\u00e1tu p. Milanem \u0160t\u011bchem, p\u0159edsedou Sn\u011bmovny p. Radkem, Vondr\u00e1\u010dkem, ministryn\u011b obrany Karlou \u0160lechtovou a \u0161irokou ve\u0159ejnost\u00ed uctili pietn\u00edm aktem p\u0159i p\u0159\u00edle\u017eitosti 168. v\u00fdro\u010d\u00ed narozen\u00ed prvn\u00edho ..."}

168. výročí narození Tomáše Garrigua Masaryka - EUROPEAN INSTITUTE

<blockquote class="wp-embedded-content" data-secret="PpvGIDGxhv"><a href="https://www.european-institute.cz/en/168-vyroci-narozeni-tomase-garrigua-masaryka/">168. výročí narození Tomáše Garrigua Masaryka</a></blockquote><iframe sandbox="allow-scripts" security="restricted" src="https://www.european-institute.cz/en/168-vyroci-narozeni-tomase-garrigua-masaryka/embed/#?secret=PpvGIDGxhv" width="600" height="338" title="&#8220;168. výročí narození Tomáše Garrigua Masaryka&#8221; &#8212; EUROPEAN INSTITUTE" data-secret="PpvGIDGxhv" frameborder="0" marginwidth="0" marginheight="0" scrolling="no" class="wp-embedded-content"></iframe><script type="text/javascript">
/* <![CDATA[ */
/*! This file is auto-generated */
!function(d,l){"use strict";l.querySelector&&d.addEventListener&&"undefined"!=typeof URL&&(d.wp=d.wp||{},d.wp.receiveEmbedMessage||(d.wp.receiveEmbedMessage=function(e){var t=e.data;if((t||t.secret||t.message||t.value)&&!/[^a-zA-Z0-9]/.test(t.secret)){for(var s,r,n,a=l.querySelectorAll('iframe[data-secret="'+t.secret+'"]'),o=l.querySelectorAll('blockquote[data-secret="'+t.secret+'"]'),c=new RegExp("^https?:$","i"),i=0;i<o.length;i++)o[i].style.display="none";for(i=0;i<a.length;i++)s=a[i],e.source===s.contentWindow&&(s.removeAttribute("style"),"height"===t.message?(1e3<(r=parseInt(t.value,10))?r=1e3:~~r<200&&(r=200),s.height=r):"link"===t.message&&(r=new URL(s.getAttribute("src")),n=new URL(t.value),c.test(n.protocol))&&n.host===r.host&&l.activeElement===s&&(d.top.location.href=t.value))}},d.addEventListener("message",d.wp.receiveEmbedMessage,!1),l.addEventListener("DOMContentLoaded",function(){for(var e,t,s=l.querySelectorAll("iframe.wp-embedded-content"),r=0;r<s.length;r++)(t=(e=s[r]).getAttribute("data-secret"))||(t=Math.random().toString(36).substring(2,12),e.src+="#?secret="+t,e.setAttribute("data-secret",t)),e.contentWindow.postMessage({message:"ready",secret:t},"*")},!1)))}(window,document);
/* ]]> */
</script>

Jednatel EUROPEAN INSTITUTE Ing. Vladislav Stanko, MBA společně s premiérem ČR p. Andrejem Babišem, předsedou Senátu p. Milanem Štěchem, předsedou Sněmovny p. Radkem, Vondráčkem, ministryně obrany Karlou Šlechtovou a širokou veřejností uctili pietním aktem při příležitosti 168. výročí narození prvního ...
