{"id":2197,"date":"2019-01-21T04:56:38","date_gmt":"2019-01-21T03:56:38","guid":{"rendered":"https:\/\/www.european-institute.cz\/?page_id=2197"},"modified":"2019-01-21T04:57:44","modified_gmt":"2019-01-21T03:57:44","slug":"lektor-dalsiho-vzdelavani","status":"publish","type":"page","link":"https:\/\/www.european-institute.cz\/en\/lektor-dalsiho-vzdelavani\/","title":{"rendered":"Further education lecturer"},"content":{"rendered":"<div class=\"vc_row wpb_row vc_row-fluid\"><div class=\"wpb_column vc_column_container vc_col-sm-2\"><div class=\"vc_column-inner\"><div class=\"wpb_wrapper\"><\/div><\/div><\/div><div class=\"wpb_column vc_column_container vc_col-sm-8\"><div class=\"vc_column-inner\"><div class=\"wpb_wrapper\">\n\t<div class=\"wpb_text_column wpb_content_element\" >\n\t\t<div class=\"wpb_wrapper\">\n\t\t\t<h2><b>P\u0159ipravujeme:<\/b><\/h2>\n<p>&nbsp;<\/p>\n<h3><b>Zkou\u0161ka NSK: Lektor dal\u0161\u00edho vzd\u011bl\u00e1v\u00e1n\u00ed<\/b><\/h3>\n<p><span style=\"font-weight: 400;\">Absolvujte u n\u00e1s akreditovanou zkou\u0161ku podle pravidel N\u00e1rodn\u00ed soustavy kvalifikac\u00ed &#8211; Lektor dal\u0161\u00edho vzd\u011bl\u00e1v\u00e1n\u00ed.<\/span><\/p>\n<p><span style=\"font-weight: 400;\">\u00dasp\u011b\u0161n\u00ed absolventi zkou\u0161ky z\u00edskaj\u00ed osv\u011bd\u010den\u00ed o z\u00edsk\u00e1n\u00ed profesn\u00ed kvalifikace Lektor dal\u0161\u00edho vzd\u011bl\u00e1v\u00e1n\u00ed o 7. \u00farovni Evropsk\u00e9ho r\u00e1mce kvalifikace (EFQ).<\/span><\/p>\n<p><span style=\"font-weight: 400;\">Zkou\u0161ka prob\u00edh\u00e1 podle pravidel stanoven\u00fdch N\u00e1rodn\u00ed soustavou kvalifikac\u00ed. \u00dasp\u011b\u0161n\u00ed absolventi z\u00edskaj\u00ed osv\u011bd\u010den\u00ed o z\u00edsk\u00e1n\u00ed profesn\u00ed kvalifikace Lektor dal\u0161\u00edho vzd\u011bl\u00e1v\u00e1n\u00ed (k\u00f3d: 75-001-T).<\/span><\/p>\n<p><span style=\"font-weight: 400;\">Zkou\u0161ka je tak\u00e9 sou\u010d\u00e1st\u00ed rekvalifika\u010dn\u00edho kurzu Lektor dal\u0161\u00edho vzd\u011bl\u00e1v\u00e1n\u00ed, kter\u00fd je touto zkou\u0161kou zakon\u010den.<\/span><\/p>\n<p>&nbsp;<\/p>\n<h4><span style=\"font-weight: 400;\">Pr\u016fb\u011bh zkou\u0161ky<\/span><\/h4>\n<p><span style=\"font-weight: 400;\">Zkou\u0161ka trv\u00e1 2 hodiny na jednoho \u00fa\u010dastn\u00edka.<\/span><\/p>\n<h4><span style=\"font-weight: 400;\">Sou\u010d\u00e1st\u00ed zkou\u0161ky je:<\/span><\/h4>\n<ul>\n<li><span style=\"font-weight: 400;\">Uk\u00e1zkov\u00e1 hodina na ur\u010dit\u00e9 t\u00e9ma<\/span><\/li>\n<li><span style=\"font-weight: 400;\">Kurikulum: vzd\u011bl\u00e1vac\u00ed program kurzu<\/span><\/li>\n<li><span style=\"font-weight: 400;\">Minutov\u00fd sc\u00e9n\u00e1\u0159 uk\u00e1zkov\u00e9 hodiny<\/span><\/li>\n<li><span style=\"font-weight: 400;\">Krit\u00e9ria hodnocen\u00ed, evalua\u010dn\u00ed n\u00e1stroj vzd\u011bl\u00e1vac\u00edho c\u00edle<\/span><\/li>\n<\/ul>\n<p><span style=\"font-weight: 400;\">Zkou\u0161ka je vykon\u00e1v\u00e1na p\u0159ed komis\u00ed.<\/span><\/p>\n<p><span style=\"font-weight: 400;\">Cena zkou\u0161ky je <strong>2.900 K\u010d.<\/strong><\/span><\/p>\n<p>&nbsp;<\/p>\n<p><span style=\"font-weight: 400;\">Pro absolventy na\u0161eho kurzu Pedagogick\u00e9 minimum pro lektory je cena kvalifika\u010dn\u00ed zkou\u0161ky 1.900 K\u010d.<\/span><\/p>\n<p><span style=\"font-weight: 400;\">Poplatek za zkou\u0161ku si podle z\u00e1kona o ov\u011b\u0159ov\u00e1n\u00ed a uzn\u00e1v\u00e1n\u00ed v\u00fdsledk\u016f dal\u0161\u00edho vzd\u011bl\u00e1v\u00e1n\u00ed m\u016f\u017eete ode\u010d\u00edst od z\u00e1kladu dan\u011b.<\/span><\/p>\n<p><span style=\"font-weight: 400;\">\u00da\u010dastn\u00edci rekvalifika\u010dn\u00edho kurzu Lektor dal\u0161\u00edho vzd\u011bl\u00e1v\u00e1n\u00ed maj\u00ed zkou\u0161ku v cen\u011b kurzu.<\/span><\/p>\n\n\t\t<\/div>\n\t<\/div>\n<\/div><\/div><\/div><div class=\"wpb_column vc_column_container vc_col-sm-2\"><div class=\"vc_column-inner\"><div class=\"wpb_wrapper\"><\/div><\/div><\/div><\/div>","protected":false},"excerpt":{"rendered":"P\u0159ipravujeme: &nbsp; Zkou\u0161ka NSK: Lektor dal\u0161\u00edho vzd\u011bl\u00e1v\u00e1n\u00ed Absolvujte u n\u00e1s akreditovanou zkou\u0161ku podle pravidel N\u00e1rodn\u00ed soustavy kvalifikac\u00ed - Lektor dal\u0161\u00edho vzd\u011bl\u00e1v\u00e1n\u00ed. \u00dasp\u011b\u0161n\u00ed absolventi zkou\u0161ky z\u00edskaj\u00ed osv\u011bd\u010den\u00ed o z\u00edsk\u00e1n\u00ed profesn\u00ed kvalifikace Lektor dal\u0161\u00edho vzd\u011bl\u00e1v\u00e1n\u00ed o 7. \u00farovni Evropsk\u00e9ho r\u00e1mce kvalifikace (EFQ). ...","protected":false},"author":1,"featured_media":0,"parent":0,"menu_order":0,"comment_status":"closed","ping_status":"closed","template":"","meta":{"footnotes":""},"class_list":["post-2197","page","type-page","status-publish","hentry"],"yoast_head":"<!-- This site is optimized with the Yoast SEO plugin v24.7 - https:\/\/yoast.com\/wordpress\/plugins\/seo\/ -->\n<title>Lektor dal\u0161\u00edho vzd\u011bl\u00e1v\u00e1n\u00ed - EUROPEAN INSTITUTE<\/title>\n<meta name=\"robots\" content=\"index, follow, max-snippet:-1, max-image-preview:large, max-video-preview:-1\" \/>\n<link rel=\"canonical\" href=\"https:\/\/www.european-institute.cz\/en\/lektor-dalsiho-vzdelavani\/\" \/>\n<meta property=\"og:locale\" content=\"en_GB\" \/>\n<meta property=\"og:type\" content=\"article\" \/>\n<meta property=\"og:title\" content=\"Lektor dal\u0161\u00edho vzd\u011bl\u00e1v\u00e1n\u00ed - EUROPEAN INSTITUTE\" \/>\n<meta property=\"og:url\" content=\"https:\/\/www.european-institute.cz\/en\/lektor-dalsiho-vzdelavani\/\" \/>\n<meta property=\"og:site_name\" content=\"EUROPEAN INSTITUTE\" \/>\n<meta property=\"article:modified_time\" content=\"2019-01-21T03:57:44+00:00\" \/>\n<meta name=\"twitter:card\" content=\"summary_large_image\" \/>\n<meta name=\"twitter:label1\" content=\"Estimated reading time\" \/>\n\t<meta name=\"twitter:data1\" content=\"1 minute\" \/>\n<script type=\"application\/ld+json\" class=\"yoast-schema-graph\">{\"@context\":\"https:\/\/schema.org\",\"@graph\":[{\"@type\":\"WebPage\",\"@id\":\"https:\/\/www.european-institute.cz\/lektor-dalsiho-vzdelavani\/\",\"url\":\"https:\/\/www.european-institute.cz\/lektor-dalsiho-vzdelavani\/\",\"name\":\"Lektor dal\u0161\u00edho vzd\u011bl\u00e1v\u00e1n\u00ed - EUROPEAN INSTITUTE\",\"isPartOf\":{\"@id\":\"https:\/\/www.european-institute.cz\/#website\"},\"datePublished\":\"2019-01-21T03:56:38+00:00\",\"dateModified\":\"2019-01-21T03:57:44+00:00\",\"breadcrumb\":{\"@id\":\"https:\/\/www.european-institute.cz\/lektor-dalsiho-vzdelavani\/#breadcrumb\"},\"inLanguage\":\"en-GB\",\"potentialAction\":[{\"@type\":\"ReadAction\",\"target\":[\"https:\/\/www.european-institute.cz\/lektor-dalsiho-vzdelavani\/\"]}]},{\"@type\":\"BreadcrumbList\",\"@id\":\"https:\/\/www.european-institute.cz\/lektor-dalsiho-vzdelavani\/#breadcrumb\",\"itemListElement\":[{\"@type\":\"ListItem\",\"position\":1,\"name\":\"Dom\u016f\",\"item\":\"https:\/\/www.european-institute.cz\/\"},{\"@type\":\"ListItem\",\"position\":2,\"name\":\"Lektor dal\u0161\u00edho vzd\u011bl\u00e1v\u00e1n\u00ed\"}]},{\"@type\":\"WebSite\",\"@id\":\"https:\/\/www.european-institute.cz\/#website\",\"url\":\"https:\/\/www.european-institute.cz\/\",\"name\":\"EUROPEAN INSTITUTE\",\"description\":\"\",\"potentialAction\":[{\"@type\":\"SearchAction\",\"target\":{\"@type\":\"EntryPoint\",\"urlTemplate\":\"https:\/\/www.european-institute.cz\/?s={search_term_string}\"},\"query-input\":{\"@type\":\"PropertyValueSpecification\",\"valueRequired\":true,\"valueName\":\"search_term_string\"}}],\"inLanguage\":\"en-GB\"}]}<\/script>\n<!-- \/ Yoast SEO plugin. -->","yoast_head_json":{"title":"Lektor dal\u0161\u00edho vzd\u011bl\u00e1v\u00e1n\u00ed - EUROPEAN INSTITUTE","robots":{"index":"index","follow":"follow","max-snippet":"max-snippet:-1","max-image-preview":"max-image-preview:large","max-video-preview":"max-video-preview:-1"},"canonical":"https:\/\/www.european-institute.cz\/en\/lektor-dalsiho-vzdelavani\/","og_locale":"en_GB","og_type":"article","og_title":"Lektor dal\u0161\u00edho vzd\u011bl\u00e1v\u00e1n\u00ed - EUROPEAN INSTITUTE","og_url":"https:\/\/www.european-institute.cz\/en\/lektor-dalsiho-vzdelavani\/","og_site_name":"EUROPEAN INSTITUTE","article_modified_time":"2019-01-21T03:57:44+00:00","twitter_card":"summary_large_image","twitter_misc":{"Estimated reading time":"1 minute"},"schema":{"@context":"https:\/\/schema.org","@graph":[{"@type":"WebPage","@id":"https:\/\/www.european-institute.cz\/lektor-dalsiho-vzdelavani\/","url":"https:\/\/www.european-institute.cz\/lektor-dalsiho-vzdelavani\/","name":"Lektor dal\u0161\u00edho vzd\u011bl\u00e1v\u00e1n\u00ed - EUROPEAN INSTITUTE","isPartOf":{"@id":"https:\/\/www.european-institute.cz\/#website"},"datePublished":"2019-01-21T03:56:38+00:00","dateModified":"2019-01-21T03:57:44+00:00","breadcrumb":{"@id":"https:\/\/www.european-institute.cz\/lektor-dalsiho-vzdelavani\/#breadcrumb"},"inLanguage":"en-GB","potentialAction":[{"@type":"ReadAction","target":["https:\/\/www.european-institute.cz\/lektor-dalsiho-vzdelavani\/"]}]},{"@type":"BreadcrumbList","@id":"https:\/\/www.european-institute.cz\/lektor-dalsiho-vzdelavani\/#breadcrumb","itemListElement":[{"@type":"ListItem","position":1,"name":"Dom\u016f","item":"https:\/\/www.european-institute.cz\/"},{"@type":"ListItem","position":2,"name":"Lektor dal\u0161\u00edho vzd\u011bl\u00e1v\u00e1n\u00ed"}]},{"@type":"WebSite","@id":"https:\/\/www.european-institute.cz\/#website","url":"https:\/\/www.european-institute.cz\/","name":"EUROPEAN INSTITUTE","description":"","potentialAction":[{"@type":"SearchAction","target":{"@type":"EntryPoint","urlTemplate":"https:\/\/www.european-institute.cz\/?s={search_term_string}"},"query-input":{"@type":"PropertyValueSpecification","valueRequired":true,"valueName":"search_term_string"}}],"inLanguage":"en-GB"}]}},"_links":{"self":[{"href":"https:\/\/www.european-institute.cz\/en\/wp-json\/wp\/v2\/pages\/2197","targetHints":{"allow":["GET"]}}],"collection":[{"href":"https:\/\/www.european-institute.cz\/en\/wp-json\/wp\/v2\/pages"}],"about":[{"href":"https:\/\/www.european-institute.cz\/en\/wp-json\/wp\/v2\/types\/page"}],"author":[{"embeddable":true,"href":"https:\/\/www.european-institute.cz\/en\/wp-json\/wp\/v2\/users\/1"}],"replies":[{"embeddable":true,"href":"https:\/\/www.european-institute.cz\/en\/wp-json\/wp\/v2\/comments?post=2197"}],"version-history":[{"count":2,"href":"https:\/\/www.european-institute.cz\/en\/wp-json\/wp\/v2\/pages\/2197\/revisions"}],"predecessor-version":[{"id":2200,"href":"https:\/\/www.european-institute.cz\/en\/wp-json\/wp\/v2\/pages\/2197\/revisions\/2200"}],"wp:attachment":[{"href":"https:\/\/www.european-institute.cz\/en\/wp-json\/wp\/v2\/media?parent=2197"}],"curies":[{"name":"wp","href":"https:\/\/api.w.org\/{rel}","templated":true}]}}

<div class="vc_row wpb_row vc_row-fluid"><div class="wpb_column vc_column_container vc_col-sm-2"><div class="vc_column-inner"><div class="wpb_wrapper"></div></div></div><div class="wpb_column vc_column_container vc_col-sm-8"><div class="vc_column-inner"><div class="wpb_wrapper">
	<div class="wpb_text_column wpb_content_element" >
		<div class="wpb_wrapper">
			<h2><b>Připravujeme:</b></h2>
<p>&nbsp;</p>
<h3><b>Zkouška NSK: Lektor dalšího vzdělávání</b></h3>
<p><span style="font-weight: 400;">Absolvujte u nás akreditovanou zkoušku podle pravidel Národní soustavy kvalifikací &#8211; Lektor dalšího vzdělávání.</span></p>
<p><span style="font-weight: 400;">Úspěšní absolventi zkoušky získají osvědčení o získání profesní kvalifikace Lektor dalšího vzdělávání o 7. úrovni Evropského rámce kvalifikace (EFQ).</span></p>
<p><span style="font-weight: 400;">Zkouška probíhá podle pravidel stanovených Národní soustavou kvalifikací. Úspěšní absolventi získají osvědčení o získání profesní kvalifikace Lektor dalšího vzdělávání (kód: 75-001-T).</span></p>
<p><span style="font-weight: 400;">Zkouška je také součástí rekvalifikačního kurzu Lektor dalšího vzdělávání, který je touto zkouškou zakončen.</span></p>
<p>&nbsp;</p>
<h4><span style="font-weight: 400;">Průběh zkoušky</span></h4>
<p><span style="font-weight: 400;">Zkouška trvá 2 hodiny na jednoho účastníka.</span></p>
<h4><span style="font-weight: 400;">Součástí zkoušky je:</span></h4>
<ul>
<li><span style="font-weight: 400;">Ukázková hodina na určité téma</span></li>
<li><span style="font-weight: 400;">Kurikulum: vzdělávací program kurzu</span></li>
<li><span style="font-weight: 400;">Minutový scénář ukázkové hodiny</span></li>
<li><span style="font-weight: 400;">Kritéria hodnocení, evaluační nástroj vzdělávacího cíle</span></li>
</ul>
<p><span style="font-weight: 400;">Zkouška je vykonávána před komisí.</span></p>
<p><span style="font-weight: 400;">Cena zkoušky je <strong>2.900 Kč.</strong></span></p>
<p>&nbsp;</p>
<p><span style="font-weight: 400;">Pro absolventy našeho kurzu Pedagogické minimum pro lektory je cena kvalifikační zkoušky 1.900 Kč.</span></p>
<p><span style="font-weight: 400;">Poplatek za zkoušku si podle zákona o ověřování a uznávání výsledků dalšího vzdělávání můžete odečíst od základu daně.</span></p>
<p><span style="font-weight: 400;">Účastníci rekvalifikačního kurzu Lektor dalšího vzdělávání mají zkoušku v ceně kurzu.</span></p>

		</div>
	</div>
</div></div></div><div class="wpb_column vc_column_container vc_col-sm-2"><div class="vc_column-inner"><div class="wpb_wrapper"></div></div></div></div>

Připravujeme: &nbsp; Zkouška NSK: Lektor dalšího vzdělávání Absolvujte u nás akreditovanou zkoušku podle pravidel Národní soustavy kvalifikací - Lektor dalšího vzdělávání. Úspěšní absolventi zkoušky získají osvědčení o získání profesní kvalifikace Lektor dalšího vzdělávání o 7. úrovni Evropského rámce kvalifikace (EFQ). ...

<!-- This site is optimized with the Yoast SEO plugin v24.7 - https://yoast.com/wordpress/plugins/seo/ -->
<title>Lektor dalšího vzdělávání - EUROPEAN INSTITUTE</title>
<meta name="robots" content="index, follow, max-snippet:-1, max-image-preview:large, max-video-preview:-1" />
<link rel="canonical" href="https://www.european-institute.cz/en/lektor-dalsiho-vzdelavani/" />
<meta property="og:locale" content="en_GB" />
<meta property="og:type" content="article" />
<meta property="og:title" content="Lektor dalšího vzdělávání - EUROPEAN INSTITUTE" />
<meta property="og:url" content="https://www.european-institute.cz/en/lektor-dalsiho-vzdelavani/" />
<meta property="og:site_name" content="EUROPEAN INSTITUTE" />
<meta property="article:modified_time" content="2019-01-21T03:57:44+00:00" />
<meta name="twitter:card" content="summary_large_image" />
<meta name="twitter:label1" content="Estimated reading time" />
	<meta name="twitter:data1" content="1 minute" />
<script type="application/ld+json" class="yoast-schema-graph">{"@context":"https://schema.org","@graph":[{"@type":"WebPage","@id":"https://www.european-institute.cz/lektor-dalsiho-vzdelavani/","url":"https://www.european-institute.cz/lektor-dalsiho-vzdelavani/","name":"Lektor dalšího vzdělávání - EUROPEAN INSTITUTE","isPartOf":{"@id":"https://www.european-institute.cz/#website"},"datePublished":"2019-01-21T03:56:38+00:00","dateModified":"2019-01-21T03:57:44+00:00","breadcrumb":{"@id":"https://www.european-institute.cz/lektor-dalsiho-vzdelavani/#breadcrumb"},"inLanguage":"en-GB","potentialAction":[{"@type":"ReadAction","target":["https://www.european-institute.cz/lektor-dalsiho-vzdelavani/"]}]},{"@type":"BreadcrumbList","@id":"https://www.european-institute.cz/lektor-dalsiho-vzdelavani/#breadcrumb","itemListElement":[{"@type":"ListItem","position":1,"name":"Domů","item":"https://www.european-institute.cz/"},{"@type":"ListItem","position":2,"name":"Lektor dalšího vzdělávání"}]},{"@type":"WebSite","@id":"https://www.european-institute.cz/#website","url":"https://www.european-institute.cz/","name":"EUROPEAN INSTITUTE","description":"","potentialAction":[{"@type":"SearchAction","target":{"@type":"EntryPoint","urlTemplate":"https://www.european-institute.cz/?s={search_term_string}"},"query-input":{"@type":"PropertyValueSpecification","valueRequired":true,"valueName":"search_term_string"}}],"inLanguage":"en-GB"}]}</script>
<!-- / Yoast SEO plugin. -->

Lektor dalšího vzdělávání - EUROPEAN INSTITUTE

Domů

Lektor dalšího vzdělávání
