{"id":2301,"date":"2019-01-23T15:17:47","date_gmt":"2019-01-23T14:17:47","guid":{"rendered":"https:\/\/www.european-institute.cz\/?page_id=2301"},"modified":"2019-01-23T15:21:18","modified_gmt":"2019-01-23T14:21:18","slug":"sebeobrana-pro-zeny","status":"publish","type":"page","link":"https:\/\/www.european-institute.cz\/en\/specializovane-kurzy\/sebeobrana-pro-zeny\/","title":{"rendered":"Sebeobrana pro \u017eeny"},"content":{"rendered":"<div class=\"vc_row wpb_row vc_row-fluid vc_custom_1548029814810\"><div class=\"wpb_column vc_column_container vc_col-sm-2\"><div class=\"vc_column-inner\"><div class=\"wpb_wrapper\"><\/div><\/div><\/div><div class=\"wpb_column vc_column_container vc_col-sm-8\"><div class=\"vc_column-inner\"><div class=\"wpb_wrapper\">\n\t<div class=\"wpb_text_column wpb_content_element\" >\n\t\t<div class=\"wpb_wrapper\">\n\t\t\t<div class=\"wpb_text_column wpb_content_element\">\n<div class=\"wpb_wrapper\">\n<h2 style=\"text-align: center;\"><span style=\"color: #2a77bb;\"><b>Sebeobrana pro \u017eeny<\/b><\/span><\/h2>\n<\/div>\n<\/div>\n\n\t\t<\/div>\n\t<\/div>\n\n\t<div class=\"wpb_text_column wpb_content_element  vc_custom_1548253048998\" >\n\t\t<div class=\"wpb_wrapper\">\n\t\t\t<div class=\"wpb_text_column wpb_content_element\">\n<div class=\"wpb_wrapper\">\n<p>Kurz je vhodn\u00fd pro jakoukoliv \u017eenu, kter\u00e1 se chce um\u011bt samostatn\u011b ubr\u00e1nit, odvr\u00e1tit \u00fatok agresora, a celkov\u011b se neb\u00e1t postavit nebezpe\u010d\u00ed.<\/p>\n<p>Kurz prob\u00edh\u00e1 v t\u011blocvi\u010dn\u011b s d\u00e9lkou 7 hodin s p\u0159est\u00e1vkou na ob\u011bd. Oble\u010den\u00ed nejl\u00e9pe le\u017e\u00e9rn\u00ed, sportovn\u00ed a obuv nejl\u00e9pe tenisky na p\u0159evle\u010den\u00ed do t\u011blocvi\u010dny.<\/p>\n<p>&nbsp;<\/p>\n<h3>Na na\u0161em kurzu dostanete n\u00e1vod na \u0159e\u0161en\u00ed situac\u00ed jako:<\/h3>\n<p>\u2013 n\u011bkdo v\u00e1s pron\u00e1sleduje<\/p>\n<p>\u2013 ciz\u00ed \u010dlov\u011bk obt\u011b\u017euje va\u0161e d\u011bti, \u010di p\u0159\u00edmo v\u00e1s<\/p>\n<p>\u2013 nezn\u00e1m\u00fd mu\u017e se v\u00e1s pokus\u00ed n\u011bkam zat\u00e1hnout<\/p>\n<p>&nbsp;<\/p>\n<ul>\n<li>V kurzu V\u00e1s p\u0159iprav\u00edme na to, \u00a0jak reagovat a \u0159e\u0161it situaci v\u00a0p\u0159\u00edpad\u011b r\u016fzn\u00fdch forem \u00fatok\u016f na Va\u0161\u00ed osobu. Nap\u0159\u00edklad \u00fachopy za ruce, rameno, krk, od\u011bv, povalen\u00ed na zem, \u0161krcen\u00ed zep\u0159edu a zezadu. Nau\u010d\u00edte se jak se br\u00e1nit \u00fader\u016fm, kop\u016fm. Jak p\u0159ej\u00edt z\u00a0p\u00e1du do stoje a m\u00edt stabiln\u00ed postoj a mnoho dal\u0161\u00edch v\u011bc\u00ed d\u016fle\u017eit\u00fdch pro tyto krizov\u00e9 situace.<\/li>\n<li>Z\u00e1rove\u0148 V\u00e1s p\u0159iprav\u00edme na psychickou a stresovou z\u00e1t\u011b\u017e, kter\u00e1 se v dan\u00e9m okam\u017eiku napaden\u00ed projev\u00ed a jej\u00ed vzladnut\u00ed je p\u016flkou celkov\u00e9ho \u00fasp\u011bchu.<\/li>\n<li>Zjist\u00edte jako se ubr\u00e1nit a zv\u00edt\u011bzit, nikoliv jak se pr\u00e1t. Dostanete od n\u00e1s n\u00e1vod jak se vyhnout konfliktu a jak se zachovat potom a v\u0161e si vyzkou\u0161\u00edte v modelov\u00e9 krizov\u00e9 situaci<\/li>\n<\/ul>\n<h4><\/h4>\n<h3><span style=\"font-weight: 400;\">Cena: <\/span><strong>1.600 K\u010d<\/strong><\/h3>\n<\/div>\n<\/div>\n\n\t\t<\/div>\n\t<\/div>\n<\/div><\/div><\/div><div class=\"wpb_column vc_column_container vc_col-sm-2\"><div class=\"vc_column-inner\"><div class=\"wpb_wrapper\"><\/div><\/div><\/div><\/div>","protected":false},"excerpt":{"rendered":"Sebeobrana pro \u017eeny Kurz je vhodn\u00fd pro jakoukoliv \u017eenu, kter\u00e1 se chce um\u011bt samostatn\u011b ubr\u00e1nit, odvr\u00e1tit \u00fatok agresora, a celkov\u011b se neb\u00e1t postavit nebezpe\u010d\u00ed. Kurz prob\u00edh\u00e1 v t\u011blocvi\u010dn\u011b s d\u00e9lkou 7 hodin s p\u0159est\u00e1vkou na ob\u011bd. Oble\u010den\u00ed nejl\u00e9pe le\u017e\u00e9rn\u00ed, sportovn\u00ed ...","protected":false},"author":1,"featured_media":0,"parent":2201,"menu_order":0,"comment_status":"closed","ping_status":"closed","template":"","meta":{"footnotes":""},"class_list":["post-2301","page","type-page","status-publish","hentry"],"yoast_head":"<!-- This site is optimized with the Yoast SEO plugin v24.7 - https:\/\/yoast.com\/wordpress\/plugins\/seo\/ -->\n<title>Sebeobrana pro \u017eeny - EUROPEAN INSTITUTE<\/title>\n<meta name=\"robots\" content=\"index, follow, max-snippet:-1, max-image-preview:large, max-video-preview:-1\" \/>\n<link rel=\"canonical\" href=\"https:\/\/www.european-institute.cz\/en\/specializovane-kurzy\/sebeobrana-pro-zeny\/\" \/>\n<meta property=\"og:locale\" content=\"en_GB\" \/>\n<meta property=\"og:type\" content=\"article\" \/>\n<meta property=\"og:title\" content=\"Sebeobrana pro \u017eeny - EUROPEAN INSTITUTE\" \/>\n<meta property=\"og:url\" content=\"https:\/\/www.european-institute.cz\/en\/specializovane-kurzy\/sebeobrana-pro-zeny\/\" \/>\n<meta property=\"og:site_name\" content=\"EUROPEAN INSTITUTE\" \/>\n<meta property=\"article:modified_time\" content=\"2019-01-23T14:21:18+00:00\" \/>\n<meta name=\"twitter:card\" content=\"summary_large_image\" \/>\n<meta name=\"twitter:label1\" content=\"Estimated reading time\" \/>\n\t<meta name=\"twitter:data1\" content=\"2 minutes\" \/>\n<script type=\"application\/ld+json\" class=\"yoast-schema-graph\">{\"@context\":\"https:\/\/schema.org\",\"@graph\":[{\"@type\":\"WebPage\",\"@id\":\"https:\/\/www.european-institute.cz\/en\/specializovane-kurzy\/sebeobrana-pro-zeny\/\",\"url\":\"https:\/\/www.european-institute.cz\/en\/specializovane-kurzy\/sebeobrana-pro-zeny\/\",\"name\":\"Sebeobrana pro \u017eeny - EUROPEAN INSTITUTE\",\"isPartOf\":{\"@id\":\"https:\/\/www.european-institute.cz\/#website\"},\"datePublished\":\"2019-01-23T14:17:47+00:00\",\"dateModified\":\"2019-01-23T14:21:18+00:00\",\"breadcrumb\":{\"@id\":\"https:\/\/www.european-institute.cz\/en\/specializovane-kurzy\/sebeobrana-pro-zeny\/#breadcrumb\"},\"inLanguage\":\"en-GB\",\"potentialAction\":[{\"@type\":\"ReadAction\",\"target\":[\"https:\/\/www.european-institute.cz\/en\/specializovane-kurzy\/sebeobrana-pro-zeny\/\"]}]},{\"@type\":\"BreadcrumbList\",\"@id\":\"https:\/\/www.european-institute.cz\/en\/specializovane-kurzy\/sebeobrana-pro-zeny\/#breadcrumb\",\"itemListElement\":[{\"@type\":\"ListItem\",\"position\":1,\"name\":\"Dom\u016f\",\"item\":\"https:\/\/www.european-institute.cz\/\"},{\"@type\":\"ListItem\",\"position\":2,\"name\":\"Specializovan\u00e9 kurzy\",\"item\":\"https:\/\/www.european-institute.cz\/specializovane-kurzy\/\"},{\"@type\":\"ListItem\",\"position\":3,\"name\":\"Sebeobrana pro \u017eeny\"}]},{\"@type\":\"WebSite\",\"@id\":\"https:\/\/www.european-institute.cz\/#website\",\"url\":\"https:\/\/www.european-institute.cz\/\",\"name\":\"EUROPEAN INSTITUTE\",\"description\":\"\",\"potentialAction\":[{\"@type\":\"SearchAction\",\"target\":{\"@type\":\"EntryPoint\",\"urlTemplate\":\"https:\/\/www.european-institute.cz\/?s={search_term_string}\"},\"query-input\":{\"@type\":\"PropertyValueSpecification\",\"valueRequired\":true,\"valueName\":\"search_term_string\"}}],\"inLanguage\":\"en-GB\"}]}<\/script>\n<!-- \/ Yoast SEO plugin. -->","yoast_head_json":{"title":"Sebeobrana pro \u017eeny - EUROPEAN INSTITUTE","robots":{"index":"index","follow":"follow","max-snippet":"max-snippet:-1","max-image-preview":"max-image-preview:large","max-video-preview":"max-video-preview:-1"},"canonical":"https:\/\/www.european-institute.cz\/en\/specializovane-kurzy\/sebeobrana-pro-zeny\/","og_locale":"en_GB","og_type":"article","og_title":"Sebeobrana pro \u017eeny - EUROPEAN INSTITUTE","og_url":"https:\/\/www.european-institute.cz\/en\/specializovane-kurzy\/sebeobrana-pro-zeny\/","og_site_name":"EUROPEAN INSTITUTE","article_modified_time":"2019-01-23T14:21:18+00:00","twitter_card":"summary_large_image","twitter_misc":{"Estimated reading time":"2 minutes"},"schema":{"@context":"https:\/\/schema.org","@graph":[{"@type":"WebPage","@id":"https:\/\/www.european-institute.cz\/en\/specializovane-kurzy\/sebeobrana-pro-zeny\/","url":"https:\/\/www.european-institute.cz\/en\/specializovane-kurzy\/sebeobrana-pro-zeny\/","name":"Sebeobrana pro \u017eeny - EUROPEAN INSTITUTE","isPartOf":{"@id":"https:\/\/www.european-institute.cz\/#website"},"datePublished":"2019-01-23T14:17:47+00:00","dateModified":"2019-01-23T14:21:18+00:00","breadcrumb":{"@id":"https:\/\/www.european-institute.cz\/en\/specializovane-kurzy\/sebeobrana-pro-zeny\/#breadcrumb"},"inLanguage":"en-GB","potentialAction":[{"@type":"ReadAction","target":["https:\/\/www.european-institute.cz\/en\/specializovane-kurzy\/sebeobrana-pro-zeny\/"]}]},{"@type":"BreadcrumbList","@id":"https:\/\/www.european-institute.cz\/en\/specializovane-kurzy\/sebeobrana-pro-zeny\/#breadcrumb","itemListElement":[{"@type":"ListItem","position":1,"name":"Dom\u016f","item":"https:\/\/www.european-institute.cz\/"},{"@type":"ListItem","position":2,"name":"Specializovan\u00e9 kurzy","item":"https:\/\/www.european-institute.cz\/specializovane-kurzy\/"},{"@type":"ListItem","position":3,"name":"Sebeobrana pro \u017eeny"}]},{"@type":"WebSite","@id":"https:\/\/www.european-institute.cz\/#website","url":"https:\/\/www.european-institute.cz\/","name":"EUROPEAN INSTITUTE","description":"","potentialAction":[{"@type":"SearchAction","target":{"@type":"EntryPoint","urlTemplate":"https:\/\/www.european-institute.cz\/?s={search_term_string}"},"query-input":{"@type":"PropertyValueSpecification","valueRequired":true,"valueName":"search_term_string"}}],"inLanguage":"en-GB"}]}},"_links":{"self":[{"href":"https:\/\/www.european-institute.cz\/en\/wp-json\/wp\/v2\/pages\/2301","targetHints":{"allow":["GET"]}}],"collection":[{"href":"https:\/\/www.european-institute.cz\/en\/wp-json\/wp\/v2\/pages"}],"about":[{"href":"https:\/\/www.european-institute.cz\/en\/wp-json\/wp\/v2\/types\/page"}],"author":[{"embeddable":true,"href":"https:\/\/www.european-institute.cz\/en\/wp-json\/wp\/v2\/users\/1"}],"replies":[{"embeddable":true,"href":"https:\/\/www.european-institute.cz\/en\/wp-json\/wp\/v2\/comments?post=2301"}],"version-history":[{"count":1,"href":"https:\/\/www.european-institute.cz\/en\/wp-json\/wp\/v2\/pages\/2301\/revisions"}],"predecessor-version":[{"id":2307,"href":"https:\/\/www.european-institute.cz\/en\/wp-json\/wp\/v2\/pages\/2301\/revisions\/2307"}],"up":[{"embeddable":true,"href":"https:\/\/www.european-institute.cz\/en\/wp-json\/wp\/v2\/pages\/2201"}],"wp:attachment":[{"href":"https:\/\/www.european-institute.cz\/en\/wp-json\/wp\/v2\/media?parent=2301"}],"curies":[{"name":"wp","href":"https:\/\/api.w.org\/{rel}","templated":true}]}}

Sebeobrana pro ženy

<div class="vc_row wpb_row vc_row-fluid vc_custom_1548029814810"><div class="wpb_column vc_column_container vc_col-sm-2"><div class="vc_column-inner"><div class="wpb_wrapper"></div></div></div><div class="wpb_column vc_column_container vc_col-sm-8"><div class="vc_column-inner"><div class="wpb_wrapper">
	<div class="wpb_text_column wpb_content_element" >
		<div class="wpb_wrapper">
			<div class="wpb_text_column wpb_content_element">
<div class="wpb_wrapper">
<h2 style="text-align: center;"><span style="color: #2a77bb;"><b>Sebeobrana pro ženy</b></span></h2>
</div>
</div>

		</div>
	</div>

	<div class="wpb_text_column wpb_content_element  vc_custom_1548253048998" >
		<div class="wpb_wrapper">
			<div class="wpb_text_column wpb_content_element">
<div class="wpb_wrapper">
<p>Kurz je vhodný pro jakoukoliv ženu, která se chce umět samostatně ubránit, odvrátit útok agresora, a celkově se nebát postavit nebezpečí.</p>
<p>Kurz probíhá v tělocvičně s délkou 7 hodin s přestávkou na oběd. Oblečení nejlépe ležérní, sportovní a obuv nejlépe tenisky na převlečení do tělocvičny.</p>
<p>&nbsp;</p>
<h3>Na našem kurzu dostanete návod na řešení situací jako:</h3>
<p>– někdo vás pronásleduje</p>
<p>– cizí člověk obtěžuje vaše děti, či přímo vás</p>
<p>– neznámý muž se vás pokusí někam zatáhnout</p>
<p>&nbsp;</p>
<ul>
<li>V kurzu Vás připravíme na to,  jak reagovat a řešit situaci v případě různých forem útoků na Vaší osobu. Například úchopy za ruce, rameno, krk, oděv, povalení na zem, škrcení zepředu a zezadu. Naučíte se jak se bránit úderům, kopům. Jak přejít z pádu do stoje a mít stabilní postoj a mnoho dalších věcí důležitých pro tyto krizové situace.</li>
<li>Zároveň Vás připravíme na psychickou a stresovou zátěž, která se v daném okamžiku napadení projeví a její vzladnutí je půlkou celkového úspěchu.</li>
<li>Zjistíte jako se ubránit a zvítězit, nikoliv jak se prát. Dostanete od nás návod jak se vyhnout konfliktu a jak se zachovat potom a vše si vyzkoušíte v modelové krizové situaci</li>
</ul>
<h4></h4>
<h3><span style="font-weight: 400;">Cena: </span><strong>1.600 Kč</strong></h3>
</div>
</div>

		</div>
	</div>
</div></div></div><div class="wpb_column vc_column_container vc_col-sm-2"><div class="vc_column-inner"><div class="wpb_wrapper"></div></div></div></div>

Sebeobrana pro ženy Kurz je vhodný pro jakoukoliv ženu, která se chce umět samostatně ubránit, odvrátit útok agresora, a celkově se nebát postavit nebezpečí. Kurz probíhá v tělocvičně s délkou 7 hodin s přestávkou na oběd. Oblečení nejlépe ležérní, sportovní ...

<!-- This site is optimized with the Yoast SEO plugin v24.7 - https://yoast.com/wordpress/plugins/seo/ -->
<title>Sebeobrana pro ženy - EUROPEAN INSTITUTE</title>
<meta name="robots" content="index, follow, max-snippet:-1, max-image-preview:large, max-video-preview:-1" />
<link rel="canonical" href="https://www.european-institute.cz/en/specializovane-kurzy/sebeobrana-pro-zeny/" />
<meta property="og:locale" content="en_GB" />
<meta property="og:type" content="article" />
<meta property="og:title" content="Sebeobrana pro ženy - EUROPEAN INSTITUTE" />
<meta property="og:url" content="https://www.european-institute.cz/en/specializovane-kurzy/sebeobrana-pro-zeny/" />
<meta property="og:site_name" content="EUROPEAN INSTITUTE" />
<meta property="article:modified_time" content="2019-01-23T14:21:18+00:00" />
<meta name="twitter:card" content="summary_large_image" />
<meta name="twitter:label1" content="Estimated reading time" />
	<meta name="twitter:data1" content="2 minutes" />
<script type="application/ld+json" class="yoast-schema-graph">{"@context":"https://schema.org","@graph":[{"@type":"WebPage","@id":"https://www.european-institute.cz/en/specializovane-kurzy/sebeobrana-pro-zeny/","url":"https://www.european-institute.cz/en/specializovane-kurzy/sebeobrana-pro-zeny/","name":"Sebeobrana pro ženy - EUROPEAN INSTITUTE","isPartOf":{"@id":"https://www.european-institute.cz/#website"},"datePublished":"2019-01-23T14:17:47+00:00","dateModified":"2019-01-23T14:21:18+00:00","breadcrumb":{"@id":"https://www.european-institute.cz/en/specializovane-kurzy/sebeobrana-pro-zeny/#breadcrumb"},"inLanguage":"en-GB","potentialAction":[{"@type":"ReadAction","target":["https://www.european-institute.cz/en/specializovane-kurzy/sebeobrana-pro-zeny/"]}]},{"@type":"BreadcrumbList","@id":"https://www.european-institute.cz/en/specializovane-kurzy/sebeobrana-pro-zeny/#breadcrumb","itemListElement":[{"@type":"ListItem","position":1,"name":"Domů","item":"https://www.european-institute.cz/"},{"@type":"ListItem","position":2,"name":"Specializované kurzy","item":"https://www.european-institute.cz/specializovane-kurzy/"},{"@type":"ListItem","position":3,"name":"Sebeobrana pro ženy"}]},{"@type":"WebSite","@id":"https://www.european-institute.cz/#website","url":"https://www.european-institute.cz/","name":"EUROPEAN INSTITUTE","description":"","potentialAction":[{"@type":"SearchAction","target":{"@type":"EntryPoint","urlTemplate":"https://www.european-institute.cz/?s={search_term_string}"},"query-input":{"@type":"PropertyValueSpecification","valueRequired":true,"valueName":"search_term_string"}}],"inLanguage":"en-GB"}]}</script>
<!-- / Yoast SEO plugin. -->

Sebeobrana pro ženy - EUROPEAN INSTITUTE

Domů

Specializované kurzy
