{"id":2324,"date":"2019-01-23T15:59:41","date_gmt":"2019-01-23T14:59:41","guid":{"rendered":"https:\/\/www.european-institute.cz\/?page_id=2324"},"modified":"2019-01-23T16:28:41","modified_gmt":"2019-01-23T15:28:41","slug":"akreditovany-kurz-lektor","status":"publish","type":"page","link":"https:\/\/www.european-institute.cz\/en\/akreditovane\/akreditovany-kurz-lektor\/","title":{"rendered":"Akreditovan\u00fd kurz Lektor"},"content":{"rendered":"<div class=\"vc_row wpb_row vc_row-fluid vc_custom_1548029814810\"><div class=\"wpb_column vc_column_container vc_col-sm-2\"><div class=\"vc_column-inner\"><div class=\"wpb_wrapper\"><\/div><\/div><\/div><div class=\"wpb_column vc_column_container vc_col-sm-8\"><div class=\"vc_column-inner\"><div class=\"wpb_wrapper\">\n\t<div class=\"wpb_text_column wpb_content_element\" >\n\t\t<div class=\"wpb_wrapper\">\n\t\t\t<div class=\"wpb_text_column wpb_content_element\">\n<div class=\"wpb_wrapper\">\n<h2 style=\"text-align: center;\"><span style=\"color: #2a77bb;\"><b>Akreditovan\u00fd kurz Lektor<\/b><\/span><\/h2>\n<p>&nbsp;<\/p>\n<\/div>\n<\/div>\n\n\t\t<\/div>\n\t<\/div>\n\n\t<div class=\"wpb_text_column wpb_content_element  vc_custom_1548257318661\" >\n\t\t<div class=\"wpb_wrapper\">\n\t\t\t<p>V tomto rekvalifika\u010dn\u00edm kurzu z\u00edsk\u00e1te pot\u0159ebn\u00e9 pedagogick\u00e9 a prezenta\u010dn\u00ed dovednosti, sezn\u00e1m\u00edte se s modern\u00edmi vyu\u010dovac\u00edmi metodami a nau\u010d\u00edte se pou\u017e\u00edvat hravou a z\u00e1bavnou formu v\u00fduky. Absolventi rekvalifikace budou um\u011bt vytv\u00e1\u0159et v\u00fdukov\u00e9 materi\u00e1ly a vyhodnocovat testy. Sou\u010d\u00e1st\u00ed rekvalifika\u010dn\u00edho kurzu je v\u00fduka po\u010d\u00edta\u010dov\u00e9ho programu PowerPoint. Na\u0161i profesion\u00e1ln\u00ed lekto\u0159i z V\u00e1s ud\u011blaj\u00ed tak\u00e9 profesion\u00e1ly!<\/p>\n<p>&nbsp;<\/p>\n<p>Kurz prob\u00edh\u00e1 podle kvalifika\u010dn\u00edho standardu Lektor dal\u0161\u00edho vzd\u011bl\u00e1v\u00e1n\u00ed (75-001-T).<\/p>\n<p>Rekvalifika\u010dn\u00ed kurz Lektor dal\u0161\u00edho vzd\u011bl\u00e1v\u00e1n\u00ed umo\u017e\u0148uje absolvent\u016fm naj\u00edt uplatn\u011bn\u00ed jako lektor(ka) kurz\u016f a \u0161kolen\u00ed pro dosp\u011bl\u00e9.<\/p>\n<p>Rekvalifika\u010dn\u00ed kurz Lektor dal\u0161\u00edho vzd\u011bl\u00e1v\u00e1n\u00ed (k\u00f3d 75-001-T) \u00a0je akreditov\u00e1n Ministerstvem \u0161kolstv\u00ed ml\u00e1de\u017ee a t\u011blov\u00fdchovy.<\/p>\n<p>Kurz prob\u00edh\u00e1 podle pravidel N\u00e1rodn\u00ed soustavy kvalifikac\u00ed.<\/p>\n<p>\u00dasp\u011b\u0161n\u00ed absolventi a absolventky z\u00edskaj\u00ed osv\u011bd\u010den\u00ed o rekvalifikaci s celost\u00e1tn\u00ed platnost\u00ed. Vstupn\u00edm p\u0159edpokladem \u00fa\u010dastn\u00edka rekvalifikace je ukon\u010den\u00e9 st\u0159edo\u0161kolsk\u00e9 vzd\u011bl\u00e1n\u00ed a z\u00e1kladn\u00ed znalost pr\u00e1ce na PC (program MS Office Word a Internet).<\/p>\n<p>&nbsp;<\/p>\n<p>Kurz \u00fa\u010dastn\u00edky p\u0159iprav\u00ed na zkou\u0161ku z profesn\u00ed kvalifikace \u201cLektor dal\u0161\u00edho vzd\u011bl\u00e1v\u00e1n\u00ed\u201d dle z\u00e1kona \u010d. 179\/2006 Sb. Kurz prob\u00edh\u00e1 v souladu s platn\u00fdm kvalifika\u010dn\u00edm standardem. \u00a0Na\u0161e spole\u010dnost je autorizovanou osobou pro zkou\u0161ky z profesn\u00ed kvalifikace \u201cLektor dal\u0161\u00edho vzd\u011bl\u00e1v\u00e1n\u00ed\u201d dle N\u00e1rodn\u00ed soustavy kvalifikac\u00ed.<\/p>\n<h3>Obsah rekvalifikace Lektor dal\u0161\u00edho vzd\u011bl\u00e1v\u00e1n\u00ed:<\/h3>\n<ul>\n<li>psychologick\u00e9 minimum pro lektory<\/li>\n<li>zdokonalen\u00ed dovednost\u00ed v oblasti verb\u00e1ln\u00ed a neverb\u00e1ln\u00ed komunikace<\/li>\n<li>z\u00edsk\u00e1n\u00ed teoretick\u00fdch pedagogick\u00fdch dovednost\u00ed<\/li>\n<li>praktick\u00e9 vyu\u017eit\u00ed osvojen\u00fdch pedagogick\u00fdch znalost\u00ed v pr\u016fb\u011bhu kurzu<\/li>\n<li>znalost a pou\u017eit\u00ed modern\u00edch a interaktivn\u00edch metod v\u00fduky<\/li>\n<li>vyu\u017e\u00edv\u00e1n\u00ed didaktick\u00fdch z\u00e1sad p\u0159i v\u00fduce<\/li>\n<li>rozvoj prezenta\u010dn\u00edch dovednost\u00ed<\/li>\n<li>vytv\u00e1\u0159en\u00ed prezentac\u00ed v programu MS Office PowerPoint<\/li>\n<li>pedagogick\u00e1 diagnostika<\/li>\n<\/ul>\n<p>V\u00edce o rekvalifika\u010dn\u00edch kurzech a jejich po\u0159\u00e1d\u00e1n\u00ed se m\u016f\u017eete do\u010d\u00edst na str\u00e1nk\u00e1ch Ministerstva \u0161kolstv\u00ed, ml\u00e1de\u017ee a t\u011blov\u00fdchovy zde: www.msmt.cz.<\/p>\n<p>&nbsp;<\/p>\n<h3>D\u00e9lka kurzu<\/h3>\n<p>Kurz v celkov\u00e9m rozsahu 120 v\u00fdukov\u00fdch hodin.<\/p>\n<p>&nbsp;<\/p>\n<div class=\"wpb_text_column wpb_content_element\">\n<div class=\"wpb_wrapper\">\n<h3><span style=\"font-weight: 400;\">Cena: <\/span><strong>13.900<\/strong><strong>\u00a0K\u010d<\/strong><\/h3>\n<p>V cen\u011b kurzu je zahrnuta zkou\u0161ka dle N\u00e1rodn\u00ed soustavy kvalifikac\u00ed, v\u00fdukov\u00e1 skripta a tak\u00e9 tepl\u00e9 i studen\u00e9 n\u00e1poje b\u011bhem kurzu.<\/p>\n<p>Akreditovan\u00fd rekvalifika\u010dn\u00ed kurz m\u016f\u017ee z\u00e1jemc\u016fm a uchaze\u010d\u016fm o zam\u011bstn\u00e1n\u00ed proplatit \u00da\u0159ad pr\u00e1ce \u010cesk\u00e9 republiky jako tzv. Zvolenou rekvalifikaci. V\u00edce o mo\u017enostech propl\u00e1cen\u00ed se m\u016f\u017eete dozv\u011bd\u011bt zde: portal.mpsv.cz.<\/p>\n<\/div>\n<\/div>\n\n\t\t<\/div>\n\t<\/div>\n<\/div><\/div><\/div><div class=\"wpb_column vc_column_container vc_col-sm-2\"><div class=\"vc_column-inner\"><div class=\"wpb_wrapper\"><\/div><\/div><\/div><\/div>","protected":false},"excerpt":{"rendered":"Akreditovan\u00fd kurz Lektor &nbsp; V tomto rekvalifika\u010dn\u00edm kurzu z\u00edsk\u00e1te pot\u0159ebn\u00e9 pedagogick\u00e9 a prezenta\u010dn\u00ed dovednosti, sezn\u00e1m\u00edte se s modern\u00edmi vyu\u010dovac\u00edmi metodami a nau\u010d\u00edte se pou\u017e\u00edvat hravou a z\u00e1bavnou formu v\u00fduky. Absolventi rekvalifikace budou um\u011bt vytv\u00e1\u0159et v\u00fdukov\u00e9 materi\u00e1ly a vyhodnocovat testy. Sou\u010d\u00e1st\u00ed ...","protected":false},"author":1,"featured_media":0,"parent":2180,"menu_order":0,"comment_status":"closed","ping_status":"closed","template":"","meta":{"footnotes":""},"class_list":["post-2324","page","type-page","status-publish","hentry"],"yoast_head":"<!-- This site is optimized with the Yoast SEO plugin v24.7 - https:\/\/yoast.com\/wordpress\/plugins\/seo\/ -->\n<title>Akreditovan\u00fd kurz Lektor - EUROPEAN INSTITUTE<\/title>\n<meta name=\"robots\" content=\"index, follow, max-snippet:-1, max-image-preview:large, max-video-preview:-1\" \/>\n<link rel=\"canonical\" href=\"https:\/\/www.european-institute.cz\/en\/akreditovane\/akreditovany-kurz-lektor\/\" \/>\n<meta property=\"og:locale\" content=\"en_GB\" \/>\n<meta property=\"og:type\" content=\"article\" \/>\n<meta property=\"og:title\" content=\"Akreditovan\u00fd kurz Lektor - EUROPEAN INSTITUTE\" \/>\n<meta property=\"og:url\" content=\"https:\/\/www.european-institute.cz\/en\/akreditovane\/akreditovany-kurz-lektor\/\" \/>\n<meta property=\"og:site_name\" content=\"EUROPEAN INSTITUTE\" \/>\n<meta property=\"article:modified_time\" content=\"2019-01-23T15:28:41+00:00\" \/>\n<meta name=\"twitter:card\" content=\"summary_large_image\" \/>\n<meta name=\"twitter:label1\" content=\"Estimated reading time\" \/>\n\t<meta name=\"twitter:data1\" content=\"3 minutes\" \/>\n<script type=\"application\/ld+json\" class=\"yoast-schema-graph\">{\"@context\":\"https:\/\/schema.org\",\"@graph\":[{\"@type\":\"WebPage\",\"@id\":\"https:\/\/www.european-institute.cz\/akreditovane\/akreditovany-kurz-lektor\/\",\"url\":\"https:\/\/www.european-institute.cz\/akreditovane\/akreditovany-kurz-lektor\/\",\"name\":\"Akreditovan\u00fd kurz Lektor - EUROPEAN INSTITUTE\",\"isPartOf\":{\"@id\":\"https:\/\/www.european-institute.cz\/#website\"},\"datePublished\":\"2019-01-23T14:59:41+00:00\",\"dateModified\":\"2019-01-23T15:28:41+00:00\",\"breadcrumb\":{\"@id\":\"https:\/\/www.european-institute.cz\/akreditovane\/akreditovany-kurz-lektor\/#breadcrumb\"},\"inLanguage\":\"en-GB\",\"potentialAction\":[{\"@type\":\"ReadAction\",\"target\":[\"https:\/\/www.european-institute.cz\/akreditovane\/akreditovany-kurz-lektor\/\"]}]},{\"@type\":\"BreadcrumbList\",\"@id\":\"https:\/\/www.european-institute.cz\/akreditovane\/akreditovany-kurz-lektor\/#breadcrumb\",\"itemListElement\":[{\"@type\":\"ListItem\",\"position\":1,\"name\":\"Dom\u016f\",\"item\":\"https:\/\/www.european-institute.cz\/\"},{\"@type\":\"ListItem\",\"position\":2,\"name\":\"Akreditovan\u00e9\",\"item\":\"https:\/\/www.european-institute.cz\/akreditovane\/\"},{\"@type\":\"ListItem\",\"position\":3,\"name\":\"Akreditovan\u00fd kurz Lektor\"}]},{\"@type\":\"WebSite\",\"@id\":\"https:\/\/www.european-institute.cz\/#website\",\"url\":\"https:\/\/www.european-institute.cz\/\",\"name\":\"EUROPEAN INSTITUTE\",\"description\":\"\",\"potentialAction\":[{\"@type\":\"SearchAction\",\"target\":{\"@type\":\"EntryPoint\",\"urlTemplate\":\"https:\/\/www.european-institute.cz\/?s={search_term_string}\"},\"query-input\":{\"@type\":\"PropertyValueSpecification\",\"valueRequired\":true,\"valueName\":\"search_term_string\"}}],\"inLanguage\":\"en-GB\"}]}<\/script>\n<!-- \/ Yoast SEO plugin. -->","yoast_head_json":{"title":"Akreditovan\u00fd kurz Lektor - EUROPEAN INSTITUTE","robots":{"index":"index","follow":"follow","max-snippet":"max-snippet:-1","max-image-preview":"max-image-preview:large","max-video-preview":"max-video-preview:-1"},"canonical":"https:\/\/www.european-institute.cz\/en\/akreditovane\/akreditovany-kurz-lektor\/","og_locale":"en_GB","og_type":"article","og_title":"Akreditovan\u00fd kurz Lektor - EUROPEAN INSTITUTE","og_url":"https:\/\/www.european-institute.cz\/en\/akreditovane\/akreditovany-kurz-lektor\/","og_site_name":"EUROPEAN INSTITUTE","article_modified_time":"2019-01-23T15:28:41+00:00","twitter_card":"summary_large_image","twitter_misc":{"Estimated reading time":"3 minutes"},"schema":{"@context":"https:\/\/schema.org","@graph":[{"@type":"WebPage","@id":"https:\/\/www.european-institute.cz\/akreditovane\/akreditovany-kurz-lektor\/","url":"https:\/\/www.european-institute.cz\/akreditovane\/akreditovany-kurz-lektor\/","name":"Akreditovan\u00fd kurz Lektor - EUROPEAN INSTITUTE","isPartOf":{"@id":"https:\/\/www.european-institute.cz\/#website"},"datePublished":"2019-01-23T14:59:41+00:00","dateModified":"2019-01-23T15:28:41+00:00","breadcrumb":{"@id":"https:\/\/www.european-institute.cz\/akreditovane\/akreditovany-kurz-lektor\/#breadcrumb"},"inLanguage":"en-GB","potentialAction":[{"@type":"ReadAction","target":["https:\/\/www.european-institute.cz\/akreditovane\/akreditovany-kurz-lektor\/"]}]},{"@type":"BreadcrumbList","@id":"https:\/\/www.european-institute.cz\/akreditovane\/akreditovany-kurz-lektor\/#breadcrumb","itemListElement":[{"@type":"ListItem","position":1,"name":"Dom\u016f","item":"https:\/\/www.european-institute.cz\/"},{"@type":"ListItem","position":2,"name":"Akreditovan\u00e9","item":"https:\/\/www.european-institute.cz\/akreditovane\/"},{"@type":"ListItem","position":3,"name":"Akreditovan\u00fd kurz Lektor"}]},{"@type":"WebSite","@id":"https:\/\/www.european-institute.cz\/#website","url":"https:\/\/www.european-institute.cz\/","name":"EUROPEAN INSTITUTE","description":"","potentialAction":[{"@type":"SearchAction","target":{"@type":"EntryPoint","urlTemplate":"https:\/\/www.european-institute.cz\/?s={search_term_string}"},"query-input":{"@type":"PropertyValueSpecification","valueRequired":true,"valueName":"search_term_string"}}],"inLanguage":"en-GB"}]}},"_links":{"self":[{"href":"https:\/\/www.european-institute.cz\/en\/wp-json\/wp\/v2\/pages\/2324","targetHints":{"allow":["GET"]}}],"collection":[{"href":"https:\/\/www.european-institute.cz\/en\/wp-json\/wp\/v2\/pages"}],"about":[{"href":"https:\/\/www.european-institute.cz\/en\/wp-json\/wp\/v2\/types\/page"}],"author":[{"embeddable":true,"href":"https:\/\/www.european-institute.cz\/en\/wp-json\/wp\/v2\/users\/1"}],"replies":[{"embeddable":true,"href":"https:\/\/www.european-institute.cz\/en\/wp-json\/wp\/v2\/comments?post=2324"}],"version-history":[{"count":2,"href":"https:\/\/www.european-institute.cz\/en\/wp-json\/wp\/v2\/pages\/2324\/revisions"}],"predecessor-version":[{"id":2334,"href":"https:\/\/www.european-institute.cz\/en\/wp-json\/wp\/v2\/pages\/2324\/revisions\/2334"}],"up":[{"embeddable":true,"href":"https:\/\/www.european-institute.cz\/en\/wp-json\/wp\/v2\/pages\/2180"}],"wp:attachment":[{"href":"https:\/\/www.european-institute.cz\/en\/wp-json\/wp\/v2\/media?parent=2324"}],"curies":[{"name":"wp","href":"https:\/\/api.w.org\/{rel}","templated":true}]}}

Akreditovaný kurz Lektor

<div class="vc_row wpb_row vc_row-fluid vc_custom_1548029814810"><div class="wpb_column vc_column_container vc_col-sm-2"><div class="vc_column-inner"><div class="wpb_wrapper"></div></div></div><div class="wpb_column vc_column_container vc_col-sm-8"><div class="vc_column-inner"><div class="wpb_wrapper">
	<div class="wpb_text_column wpb_content_element" >
		<div class="wpb_wrapper">
			<div class="wpb_text_column wpb_content_element">
<div class="wpb_wrapper">
<h2 style="text-align: center;"><span style="color: #2a77bb;"><b>Akreditovaný kurz Lektor</b></span></h2>
<p>&nbsp;</p>
</div>
</div>

		</div>
	</div>

	<div class="wpb_text_column wpb_content_element  vc_custom_1548257318661" >
		<div class="wpb_wrapper">
			<p>V tomto rekvalifikačním kurzu získáte potřebné pedagogické a prezentační dovednosti, seznámíte se s moderními vyučovacími metodami a naučíte se používat hravou a zábavnou formu výuky. Absolventi rekvalifikace budou umět vytvářet výukové materiály a vyhodnocovat testy. Součástí rekvalifikačního kurzu je výuka počítačového programu PowerPoint. Naši profesionální lektoři z Vás udělají také profesionály!</p>
<p>&nbsp;</p>
<p>Kurz probíhá podle kvalifikačního standardu Lektor dalšího vzdělávání (75-001-T).</p>
<p>Rekvalifikační kurz Lektor dalšího vzdělávání umožňuje absolventům najít uplatnění jako lektor(ka) kurzů a školení pro dospělé.</p>
<p>Rekvalifikační kurz Lektor dalšího vzdělávání (kód 75-001-T)  je akreditován Ministerstvem školství mládeže a tělovýchovy.</p>
<p>Kurz probíhá podle pravidel Národní soustavy kvalifikací.</p>
<p>Úspěšní absolventi a absolventky získají osvědčení o rekvalifikaci s celostátní platností. Vstupním předpokladem účastníka rekvalifikace je ukončené středoškolské vzdělání a základní znalost práce na PC (program MS Office Word a Internet).</p>
<p>&nbsp;</p>
<p>Kurz účastníky připraví na zkoušku z profesní kvalifikace “Lektor dalšího vzdělávání” dle zákona č. 179/2006 Sb. Kurz probíhá v souladu s platným kvalifikačním standardem.  Naše společnost je autorizovanou osobou pro zkoušky z profesní kvalifikace “Lektor dalšího vzdělávání” dle Národní soustavy kvalifikací.</p>
<h3>Obsah rekvalifikace Lektor dalšího vzdělávání:</h3>
<ul>
<li>psychologické minimum pro lektory</li>
<li>zdokonalení dovedností v oblasti verbální a neverbální komunikace</li>
<li>získání teoretických pedagogických dovedností</li>
<li>praktické využití osvojených pedagogických znalostí v průběhu kurzu</li>
<li>znalost a použití moderních a interaktivních metod výuky</li>
<li>využívání didaktických zásad při výuce</li>
<li>rozvoj prezentačních dovedností</li>
<li>vytváření prezentací v programu MS Office PowerPoint</li>
<li>pedagogická diagnostika</li>
</ul>
<p>Více o rekvalifikačních kurzech a jejich pořádání se můžete dočíst na stránkách Ministerstva školství, mládeže a tělovýchovy zde: www.msmt.cz.</p>
<p>&nbsp;</p>
<h3>Délka kurzu</h3>
<p>Kurz v celkovém rozsahu 120 výukových hodin.</p>
<p>&nbsp;</p>
<div class="wpb_text_column wpb_content_element">
<div class="wpb_wrapper">
<h3><span style="font-weight: 400;">Cena: </span><strong>13.900</strong><strong> Kč</strong></h3>
<p>V ceně kurzu je zahrnuta zkouška dle Národní soustavy kvalifikací, výuková skripta a také teplé i studené nápoje během kurzu.</p>
<p>Akreditovaný rekvalifikační kurz může zájemcům a uchazečům o zaměstnání proplatit Úřad práce České republiky jako tzv. Zvolenou rekvalifikaci. Více o možnostech proplácení se můžete dozvědět zde: portal.mpsv.cz.</p>
</div>
</div>

		</div>
	</div>
</div></div></div><div class="wpb_column vc_column_container vc_col-sm-2"><div class="vc_column-inner"><div class="wpb_wrapper"></div></div></div></div>

Akreditovaný kurz Lektor &nbsp; V tomto rekvalifikačním kurzu získáte potřebné pedagogické a prezentační dovednosti, seznámíte se s moderními vyučovacími metodami a naučíte se používat hravou a zábavnou formu výuky. Absolventi rekvalifikace budou umět vytvářet výukové materiály a vyhodnocovat testy. Součástí ...

<!-- This site is optimized with the Yoast SEO plugin v24.7 - https://yoast.com/wordpress/plugins/seo/ -->
<title>Akreditovaný kurz Lektor - EUROPEAN INSTITUTE</title>
<meta name="robots" content="index, follow, max-snippet:-1, max-image-preview:large, max-video-preview:-1" />
<link rel="canonical" href="https://www.european-institute.cz/en/akreditovane/akreditovany-kurz-lektor/" />
<meta property="og:locale" content="en_GB" />
<meta property="og:type" content="article" />
<meta property="og:title" content="Akreditovaný kurz Lektor - EUROPEAN INSTITUTE" />
<meta property="og:url" content="https://www.european-institute.cz/en/akreditovane/akreditovany-kurz-lektor/" />
<meta property="og:site_name" content="EUROPEAN INSTITUTE" />
<meta property="article:modified_time" content="2019-01-23T15:28:41+00:00" />
<meta name="twitter:card" content="summary_large_image" />
<meta name="twitter:label1" content="Estimated reading time" />
	<meta name="twitter:data1" content="3 minutes" />
<script type="application/ld+json" class="yoast-schema-graph">{"@context":"https://schema.org","@graph":[{"@type":"WebPage","@id":"https://www.european-institute.cz/akreditovane/akreditovany-kurz-lektor/","url":"https://www.european-institute.cz/akreditovane/akreditovany-kurz-lektor/","name":"Akreditovaný kurz Lektor - EUROPEAN INSTITUTE","isPartOf":{"@id":"https://www.european-institute.cz/#website"},"datePublished":"2019-01-23T14:59:41+00:00","dateModified":"2019-01-23T15:28:41+00:00","breadcrumb":{"@id":"https://www.european-institute.cz/akreditovane/akreditovany-kurz-lektor/#breadcrumb"},"inLanguage":"en-GB","potentialAction":[{"@type":"ReadAction","target":["https://www.european-institute.cz/akreditovane/akreditovany-kurz-lektor/"]}]},{"@type":"BreadcrumbList","@id":"https://www.european-institute.cz/akreditovane/akreditovany-kurz-lektor/#breadcrumb","itemListElement":[{"@type":"ListItem","position":1,"name":"Domů","item":"https://www.european-institute.cz/"},{"@type":"ListItem","position":2,"name":"Akreditované","item":"https://www.european-institute.cz/akreditovane/"},{"@type":"ListItem","position":3,"name":"Akreditovaný kurz Lektor"}]},{"@type":"WebSite","@id":"https://www.european-institute.cz/#website","url":"https://www.european-institute.cz/","name":"EUROPEAN INSTITUTE","description":"","potentialAction":[{"@type":"SearchAction","target":{"@type":"EntryPoint","urlTemplate":"https://www.european-institute.cz/?s={search_term_string}"},"query-input":{"@type":"PropertyValueSpecification","valueRequired":true,"valueName":"search_term_string"}}],"inLanguage":"en-GB"}]}</script>
<!-- / Yoast SEO plugin. -->

Akreditovaný kurz Lektor - EUROPEAN INSTITUTE

Domů

Akreditované
